20
What is the remainder when 4264761 is divided by 1052?
1005
What is the remainder when 20393 is divided by 19372?
1021
Calculate the remainder when 20948011 is divided by 577.
26
Calculate the remainder when 206408 is divided by 422.
50
What is the remainder when 38193801 is divided by 4?
1
Calculate the remainder when 10780 is divided by 819.
133
What is the remainder when 3621813 is divided by 53?
5
Calculate the remainder when 17528743 is divided by 49.
22
Calculate the remainder when 39058 is divided by 39058.
0
What is the remainder when 40863904 is divided by 38?
34
Calculate the remainder when 276821022 is divided by 325.
322
What is the remainder when 1361847 is divided by 80025?
1422
Calculate the remainder when 80753 is divided by 521.
519
Calculate the remainder when 417424 is divided by 893.
393
What is the remainder when 30621037 is divided by 7?
6
Calculate the remainder when 464623 is divided by 463604.
1019
What is the remainder when 22156024 is divided by 5602?
114
What is the remainder when 1196139299 is divided by 100?
99
What is the remainder when 858551 is divided by 516?
443
Calculate the remainder when 7916466 is divided by 13172.
94
What is the remainder when 8402244 is divided by 197?
194
Calculate the remainder when 632259 is divided by 1252.
1251
Calculate the remainder when 5888106 is divided by 68.
54
What is the remainder when 1603013 is divided by 3143?
83
Calculate the remainder when 169007 is divided by 164782.
4225
Calculate the remainder when 42471024 is divided by 194.
156
Calculate the remainder when 45719844 is divided by 14682.
96
Calculate the remainder when 687272 is divided by 2095.
112
What is the remainder when 20479 is divided by 1224?
895
Calculate the remainder when 26386 is divided by 2234.
1812
What is the remainder when 9929281 is divided by 305?
6
What is the remainder when 2483860 is divided by 620964?
4
What is the remainder when 174386 is divided by 9686?
38
What is the remainder when 2571171 is divided by 642776?
67
Calculate the remainder when 218122 is divided by 217227.
895
What is the remainder when 53256 is divided by 6607?
400
Calculate the remainder when 47449 is divided by 47336.
113
Calculate the remainder when 157155 is divided by 26003.
1137
Calculate the remainder when 10541354 is divided by 1348.
1342
What is the remainder when 42464349 is divided by 50?
49
Calculate the remainder when 1496 is divided by 161.
47
Calculate the remainder when 111481526 is divided by 4459261.
1
Calculate the remainder when 430273 is divided by 1837.
415
Calculate the remainder when 930951 is divided by 2265.
36
Calculate the remainder when 6356451 is divided by 2118790.
81
Calculate the remainder when 1658462 is divided by 1207.
44
Calculate the remainder when 252577 is divided by 555.
52
Calculate the remainder when 131495 is divided by 3970.
485
Calculate the remainder when 1472888 is divided by 736442.
4
Calculate the remainder when 48377483 is divided by 620224.
11
What is the remainder when 55863 is divided by 11159?
68
Calculate the remainder when 18419220 is divided by 578.
94
What is the remainder when 225176 is divided by 1006?
838
Calculate the remainder when 948875 is divided by 336.
11
What is the remainder when 591401 is divided by 1500?
401
Calculate the remainder when 113070 is divided by 3307.
632
Calculate the remainder when 232673 is divided by 279.
266
What is the remainder when 80212 is divided by 532?
412
Calculate the remainder when 5291952 is divided by 126.
78
Calculate the remainder when 750801087 is divided by 507.
504
Calculate the remainder when 27739225 is divided by 5353.
5332
What is the remainder when 27575103 is divided by 656549?
45
What is the remainder when 1837498 is divided by 31?
4
What is the remainder when 538877 is divided by 55?
42
What is the remainder when 50453 is divided by 2669?
2411
Calculate the remainder when 96535859 is divided by 1207.
1206
Calculate the remainder when 37690 is divided by 18753.
184
Calculate the remainder when 9890 is divided by 498.
428
What is the remainder when 186481 is divided by 46589?
125
What is the remainder when 44015174 is divided by 68?
66
Calculate the remainder when 97783 is divided by 348.
343
What is the remainder when 450895 is divided by 18035?
20
Calculate the remainder when 24732 is divided by 3154.
2654
What is the remainder when 330752 is divided by 47028?
1556
What is the remainder when 3659691 is divided by 448?
427
What is the remainder when 25546263 is divided by 47750?
13
Calculate the remainder when 377847004 is divided by 1424.
1420
Calculate the remainder when 75542402 is divided by 2831.
2829
What is the remainder when 2339969 is divided by 467992?
9
What is the remainder when 6897025 is divided by 2299003?
16
What is the remainder when 5901977 is divided by 5901973?
4
What is the remainder when 1185764 is divided by 1185761?
3
Calculate the remainder when 7121 is divided by 5293.
1828
What is the remainder when 376689 is divided by 33852?
4317
Calculate the remainder when 29202396 is divided by 220.
36
What is the remainder when 752624 is divided by 83535?
809
What is the remainder when 1786802 is divided by 238?
136
What is the remainder when 506545 is divided by 31634?
401
What is the remainder when 6415962 is divided by 403?
202
What is the remainder when 3998976 is divided by 2032?
0
Calculate the remainder when 819804998 is divided by 794.
792
What is the remainder when 207891 is divided by 41202?
1881
Calculate the remainder when 205338 is divided by 830.
328
Calculate the remainder when 2178333 is divided by 442.
157
Calculate the remainder when 147544252 is divided by 3146.
3144
Calculate the remainder when 5804965 is divided by 358.
353
Calculate the remainder when 2612157733 is divided by 3189.
3187
Calculate the remainder when 21582 is divided by 7172.
66
What is the remainder when 19378128 is divided by 604?
600
What is the remainder when 1091329048 is divided by 9611?
9609
Calculate the remainder when 1539405 is divided by 219867.
336
Calculate the remainder when 10122156 is divided by 32236.
52
What is the remainder when 898918 is divided by 179?
159
Calculate the remainder when 36914217 is divided by 84.
81
What is the remainder when 15756704 is divided by 21?
5
Calculate the remainder when 550276 is divided by 2501.
56
What is the remainder when 139170 is divided by 18220?
11630
Calculate the remainder when 13341 is divided by 2920.
1661
What is the remainder when 59240717 is divided by 1729?
1719
What is the remainder when 5635276 is divided by 14?
10
What is the remainder when 427976 is divided by 53?
1
Calculate the remainder when 215383 is divided by 7179.
13
Calculate the remainder when 22436 is divided by 498.
26
Calculate the remainder when 5235862 is divided by 168898.
24
What is the remainder when 1954782 is divided by 2617?
2500
Calculate the remainder when 1135986 is divided by 518.
12
Calculate the remainder when 498566 is divided by 8173.
13
Calculate the remainder when 4626921 is divided by 321.
27
What is the remainder when 392342 is divided by 4359?
32
What is the remainder when 623319 is divided by 213?
81
Calculate the remainder when 1258280 is divided by 1719.
1691
What is the remainder when 359042 is divided by 7326?
68
What is the remainder when 3332169 is divided by 157?
1
Calculate the remainder when 1022754 is divided by 255657.
126
Calculate the remainder when 570067 is divided by 53.
52
What is the remainder when 2716947 is divided by 71?
61
What is the remainder when 165491 is divided by 9734?
13
What is the remainder when 211986 is divided by 555?
531
Calculate the remainder when 185349 is divided by 9260.
149
What is the remainder when 27250890 is divided by 1331?
1327
Calculate the remainder when 128654 is divided by 4516.
2206
What is the remainder when 1542030 is divided by 323?
28
Calculate the remainder when 2787389 is divided by 696835.
49
What is the remainder when 7855507 is divided by 2618497?
16
What is the remainder when 63428 is divided by 1000?
428
What is the remainder when 40837639 is divided by 77?
73
Calculate the remainder when 148118051 is divided by 81.
74
What is the remainder when 33118 is divided by 16057?
1004
Calculate